3*j + 3*q, 0 = 2*j - 4*j - 4*q + 10. Suppose 3*y - 2*u + 386 = j*u, -3*u = 4*y + 563. Let a = y + 235. Is 55 a factor of a?
False
Is 3 a factor of -5 - (-1799 - 12*(-2)/(-3))?
False
Suppose -t = 4*z - 49, 3*z - 5*t - 7 = 47. Let g = z - -135. Does 37 divide g?
True
Let t(b) = -2*b - 118. Let x be t(-27). Let m be (5/2)/(3/(-6)). Is m/2*x/5 a multiple of 4?
True
Let m(q) = q**3 + 13*q**2 + 10*q - 15. Let j(w) be the first derivative of -w**3/3 + 2*w**2 - 6*w - 2. Let u be j(5). Does 32 divide m(u)?
False
Let v(h) = -3*h**2 - 141*h + 34. Let j be v(-47). Suppose 8*p = 202 - j. Is 8 a factor of p?
False
Let k(f) = -f**3 + 31*f**2 + 51*f - 1043. Is 81 a factor of k(23)?
False
Suppose -4*i = -u - 1033, 0 = 4*i - u - 2*u - 1043. Suppose d + 0*s - 265 = 2*s, i = d + 2*s. Suppose -g = 4*k - 362 + 14, 3*k - 2*g = d. Is 15 a factor of k?
False
Let k(z) = -136*z**3 - z**2. Suppose 0 = 2*u - 10 + 12. Let m be (-2 - (-2)/1) + u. Is 8 a factor of k(m)?
False
Does 148 divide (-192)/9*((-14)/(-56) + 669/(-12))?
True
Let l be (5 + -1)/(-1) + 4 - -128. Let f = l + 35. Is 4 a factor of f?
False
Suppose 5*g - 4*i = 21904 + 5459, 3*g = 5*i + 16436. Does 77 divide g?
True
Let r(b) be the third derivative of -61*b**6/20 - b**5/60 - b**4/24 + b**3/6 - 10*b**2 + 4. Is r(-1) a multiple of 12?
False
Suppose 2*g = 18, -15*a + 2*g - 102219 = -18*a. Is a a multiple of 80?
False
Suppose -8*z - 3*i = -3*z - 63, -5*i + 65 = 5*z. Let d = -9 + z. Does 5 divide 7/((-21)/(-149)) - (-1)/d?
True
Does 30 divide 3617 - (-6 + 227)/(-17)?
True
Let c be -9 - (0 + 51 - -8). Let u = 50 - c. Is u a multiple of 21?
False
Let f = 581 - 545. Is 87 a factor of f/(-72)*(-625 + 1)?
False
Suppose -4*v + 12 = 0, -2199 + 691 = -5*h - v. Let g = h + -1. Suppose -5*y + 309 = -3*r + 5*r, -5*y = 5*r - g. Does 9 divide y?
True
Suppose 0*q - q = -4*b + 465, -4*q = -2*b + 236. Suppose 2*s = -w - 0*w + b, -2*s + 236 = 2*w. Does 12 divide w?
True
Let b(p) be the first derivative of 75*p**2/2 + 118*p - 106. Does 38 divide b(4)?
True
Let j = -1437 + 7927. Is j a multiple of 11?
True
Let u(n) = -n - 43. Let a be u(-13). Let w = a - -42. Is (6/(-27)*w)/(8/(-252)) a multiple of 28?
True
Suppose 5*u = -4*h + 11485, 3638 = -3*h - 3*u + 12248. Is 32 a factor of h?
False
Suppose 490*n - 488*n - 2398 = 0. Is 50 a factor of n?
False
Suppose b = 2*q - 5 - 6, 1 = 4*q + 5*b. Let j(c) = 59*c**2 - 17*c + 4. Is j(q) a multiple of 11?
True
Suppose 5*a = -f - 6, 5*f + a - 25 = 17. Suppose 0 = -32*o + 30*o + 14. Suppose 0 = o*z - f*z + 214. Is 11 a factor of z?
False
Let x = -1014 - -524. Is 45 a factor of 0 + -1 + 6 - x?
True
Suppose -72 = 4*n - 3*h, -3*n - 2*h = -0*n + 37. Let u be (17 + 7)/(6/n). Is 15 a factor of (3*u/(-16))/((-3)/(-16))?
True
Suppose 15*l = -85*l + 277967 + 85633. Is 18 a factor of l?
True
Let a(k) be the third derivative of -k**4/12 + 5*k**3/6 + 4*k**2. Let f be a(0). Suppose b = -4*w + 150, f*b + w = 77 + 711. Does 23 divide b?
False
Let g be ((-8)/(-18))/((-70)/(-63))*10. Suppose -2*r + 8 = g, 4*b = -r + 1178. Does 14 divide b?
True
Let s(n) = 5*n**2 - n + 54. Suppose 12*z = 48 + 60. Does 10 divide s(z)?
True
Let r(k) = k**3 + 21*k**2 - 50*k - 90. Let w be r(-23). Let h(i) = 2*i - 7. Let a be h(5). Suppose 9 = a*l, -4*c + 5*l = -w*c + 1. Is 2 a factor of c?
False
Suppose 5*f = 7*f + 9*s - 70553, 105707 = 3*f - 4*s. Does 86 divide f?
False
Let o(t) = 31*t**2 + 41*t + 404. Is o(-10) a multiple of 17?
True
Let q = 480 + -294. Suppose 4*m - 428 = -3*j + j, -q = -j + 5*m. Does 18 divide j?
False
Suppose 676*a = 680*a + 3*o - 34346, -2*o - 25734 = -3*a. Is 7 a factor of a?
True
Let q(w) = -160*w - 915. Is 25 a factor of q(-28)?
False
Let s = -11 + 11. Suppose 19*w - 547 - 1353 = s. Does 10 divide w?
True
Suppose -3*g = 2*n - 340, -6*n + 7*n - g = 175. Suppose 2*y = 0, 4*o - 3*y - 281 - 167 = 0. Let c = n - o. Is 4 a factor of c?
False
Let l(y) = 717*y + 5836. Is 50 a factor of l(-8)?
True
Let l(u) = 756*u**3 - u**2 + 15*u - 15. Let p be l(1). Let m = -500 + p. Is 48 a factor of m?
False
Suppose -29*w + 6*w = 87*w - 1976700. Does 30 divide w?
True
Let s = 9493 - 6994. Does 7 divide s?
True
Let v = -1499 + 1955. Does 4 divide v?
True
Let o = 23 - 40. Let l be 646/o*1/2. Let q = l - -32. Is q a multiple of 2?
False
Suppose 1319*i - 1335*i + 106480 = 0. Is i a multiple of 121?
True
Suppose 227195 = 102*f - 228949. Is 35 a factor of f?
False
Let n = -37831 + 62231. Does 6 divide n?
False
Suppose -4*g + 300 = 3*x, 2*g + 0*x - 164 = -5*x. Suppose 2*u + 6*u = g. Suppose 4*p - 131 = -a, -4*p + u*p + 440 = 4*a. Is a a multiple of 23?
True
Let j(x) = -x**3 + 7*x**2 - 6*x - 11. Let i be j(6). Let g(l) = l**2 + 12*l + 12. Let c be g(i). Let d = 17 + c. Is 9 a factor of d?
True
Suppose -4*h = -5*t - 2771, -7*h = -12*h - 3*t + 3473. Does 38 divide h?
False
Suppose 4 = -3*h + 1. Is 6 a factor of (6 - -46)/(h + -2 - -5)?
False
Let h(q) = 8*q - 47. Suppose 4*o - 84 = -2*m - 24, 0 = 4*m - 3*o - 76. Does 10 divide h(m)?
False
Suppose b - 46567 = 18*s - 23*s, 3*b - 139741 = 5*s. Is b a multiple of 19?
False
Let l(x) = 1975*x + 54. Does 14 divide l(2)?
True
Suppose 20*r - 1311 = -2*q + 25*r, 3*r = -9. Does 24 divide q?
True
Suppose -4*o = 3*d - 133395, -99216 = -5*o - 16*d + 67442. Is o a multiple of 11?
False
Let z be ((-2376)/110)/(2/85). Let y = -191 - z. Is 8 a factor of y?
False
Suppose -10214 = -5*r + 7*j - 10*j, r + j = 2044. Suppose -2*v = 3*s - 5*s - 808, -2*s = 5*v - r. Is v a multiple of 14?
False
Suppose 11*n = 3*n + 712. Suppose r + 21 - n = 0. Let o = -16 + r. Is 4 a factor of o?
True
Suppose -99 = -4*r + 301. Let k = r + -112. Does 21 divide 8*2/k*-39?
False
Let l = -8809 + 12290. Is 252 a factor of l?
False
Suppose 6*h = 26*h - 100. Suppose -h*k + 347 = w - 188, 5*w - 515 = -5*k. Is 4 a factor of k?
True
Let d(o) = 122*o - 46. Let h be d(10). Suppose -4*j + a = 935, -2*j - 4*a - h = 3*j. Let i = -104 - j. Is 26 a factor of i?
True
Let r = 42 - 94. Let i = r - -302. Let a = -72 + i. Is a a multiple of 10?
False
Let d = -48 + 81. Let x = -29 + d. Suppose -b + x*q + 184 = 0, 4*b = b - 4*q + 472. Does 21 divide b?
False
Suppose -22 = -b + n + 342, 2*b = n + 729. Is 46 a factor of b?
False
Suppose 4 = -4*j, 9 - 28 = -5*o + 4*j. Suppose -2*d - 668 = -2*l, -5*l - 1142 = -o*d - 2804. Is l a multiple of 11?
True
Suppose 3419 = 2*a - 3*m, 3*a + 5*m + 3066 - 8185 = 0. Does 9 divide a?
False
Let l(q) = 2*q**3 - 15*q**2 + 24*q - 104. Is l(7) a multiple of 15?
True
Let v(h) = -9*h**3 - 6*h**2 + 21*h - 13. Let k be v(-6). Suppose -9*t + k = -7*t + x, 4*t - 3153 = 3*x. Is t a multiple of 9?
True
Suppose 504*d - 15113894 - 19954930 = 0. Is 17 a factor of d?
True
Let c be (189/1053 + (-2)/(-13))*-18. Is 6/(c/9*(-5)/65) a multiple of 13?
True
Suppose 0 = 5*q + 3*r - 19646, -2*r + 5086 + 14553 = 5*q. Does 28 divide q?
False
Let v = 657 - 145. Suppose -3*y + 7*y = -v. Let k = -106 - y. Is 22 a factor of k?
True
Suppose 39*q + 5737 = 51361 + 3282. Does 6 divide q?
True
Let m = 3972 + -2596. Does 32 divide m?
True
Suppose -8*w = -9 + 17. Let p = w + 10. Is 40 a factor of 943/p + (-1 - (-11)/9)?
False
Suppose -869*z + 875*z = -48. Is 331 - ((-8)/(-32) - (-18)/z) a multiple of 13?
False
Suppose -293*c - 7999 = -268*c - 272874. Is c a multiple of 13?
True
Let t(m) = -15*m - 13. Let z be t(-9). Suppose 432 = 123*x - z*x. Is 9 a factor of x?
True
Is 7 + -6 + 4253 + 0 + -4 a multiple of 29?
False
Let l = -28 - -54. Suppose -4 = -i + l. Let a = 10 + i. Is a a multiple of 20?
True
Suppose 0 = 4*c - 95 + 67. Suppose -12*a + 3200 = -c*a. Does 16 divide a?
True
Let k(m) = 49*m**2 + 10*m + 4. Let v be k(-4). Suppose -3*a + 4*u + 446 = 0, -5*a + u + v = -u. Does 10 divide a?
True
Let t be ((-8)/12*3)/(1 + -3). Is 2/t - (-376)/(1 - -3) a multiple of 16?
True
Suppose 2*o + 13*o + 315 = 0. Let n(d) = -93*d + 75. Does 13 divide n(o)?
True
Let n = -49 - -52. Suppose 0 = -n*v + 3 + 267. Is 16 a factor of 7580/v + 4/(-18)?
False
Let s(l) be the second derivative of 0 - 1/12*l**4 + l + l**3 + 5*l**2. Is 6 a factor of s(4)?
True
Let a = 10879 - -1894. Does 43 divide a?
False
Let u(p) be the second derivative of -26*p**3 + 27*p**2/2 - 31*p. Let l be u(4). Let g = -385 - l. Is g a multiple of 12?
False
Suppose 480*r + 12392 = 484*r. Suppose 14*d - r = 11*